{"id":2803,"date":"2023-03-28T14:22:21","date_gmt":"2023-03-28T17:22:21","guid":{"rendered":"https:\/\/gasescombustiveis.com.br\/seminario\/galeria\/?page_id=2803"},"modified":"2023-03-28T14:22:21","modified_gmt":"2023-03-28T17:22:21","slug":"151o-seminario-tecnico","status":"publish","type":"page","link":"https:\/\/gasescombustiveis.com.br\/seminario\/galeria\/151o-seminario-tecnico\/","title":{"rendered":"151\u00ba Semin\u00e1rio T\u00e9cnico"},"content":{"rendered":"<p>As fotos ser\u00e3o disponibilizadas ap\u00f3s o evento.<\/p>\n","protected":false},"excerpt":{"rendered":"<p>As fotos ser\u00e3o disponibilizadas ap\u00f3s o evento.<\/p>\n","protected":false},"author":1,"featured_media":0,"parent":0,"menu_order":0,"comment_status":"closed","ping_status":"closed","template":"","meta":{"footnotes":""},"class_list":["post-2803","page","type-page","status-publish","hentry"],"_links":{"self":[{"href":"https:\/\/gasescombustiveis.com.br\/seminario\/galeria\/wp-json\/wp\/v2\/pages\/2803","targetHints":{"allow":["GET"]}}],"collection":[{"href":"https:\/\/gasescombustiveis.com.br\/seminario\/galeria\/wp-json\/wp\/v2\/pages"}],"about":[{"href":"https:\/\/gasescombustiveis.com.br\/seminario\/galeria\/wp-json\/wp\/v2\/types\/page"}],"author":[{"embeddable":true,"href":"https:\/\/gasescombustiveis.com.br\/seminario\/galeria\/wp-json\/wp\/v2\/users\/1"}],"replies":[{"embeddable":true,"href":"https:\/\/gasescombustiveis.com.br\/seminario\/galeria\/wp-json\/wp\/v2\/comments?post=2803"}],"version-history":[{"count":1,"href":"https:\/\/gasescombustiveis.com.br\/seminario\/galeria\/wp-json\/wp\/v2\/pages\/2803\/revisions"}],"predecessor-version":[{"id":2804,"href":"https:\/\/gasescombustiveis.com.br\/seminario\/galeria\/wp-json\/wp\/v2\/pages\/2803\/revisions\/2804"}],"wp:attachment":[{"href":"https:\/\/gasescombustiveis.com.br\/seminario\/galeria\/wp-json\/wp\/v2\/media?parent=2803"}],"curies":[{"name":"wp","href":"https:\/\/api.w.org\/{rel}","templated":true}]}}

151º Seminário Técnico

<p>As fotos serão disponibilizadas após o evento.</p>
